{"id":236,"date":"2017-09-02T01:01:49","date_gmt":"2017-09-02T01:01:49","guid":{"rendered":"http:\/\/www.themechampion.com\/demo\/envitwp\/?page_id=236"},"modified":"2020-12-07T16:24:23","modified_gmt":"2020-12-07T14:24:23","slug":"galerija","status":"publish","type":"page","link":"https:\/\/unijaserviseraklima.rs\/index.php\/galerija\/","title":{"rendered":"Galerija"},"content":{"rendered":"<p>[vc_row content_placement=&#8221;middle&#8221; css=&#8221;.vc_custom_1607114044710{margin-top: 30px !important;}&#8221;][vc_column width=&#8221;1\/3&#8243; el_class=&#8221;album-holder&#8221; offset=&#8221;vc_col-xs-12&#8243; el_id=&#8221;unija_i_nurdor_u_saradnji&#8221;][vc_custom_heading stripe_pos=&#8221;hide&#8221; text=&#8221;Unija servisera i saradnja sa  NURDOR&#8221; font_container=&#8221;tag:h3|text_align:left&#8221; google_fonts=&#8221;&#8221; el_class=&#8221;tt-title album-heading&#8221;][vc_column_text el_class=&#8221;album-text&#8221;]odr\u017eana 26.12.2019.[\/vc_column_text][vc_images_carousel images=&#8221;1814,1811,1806,1809,1807,1810,1808,1813&#8243; img_size=&#8221;370&#215;225&#8243; hide_pagination_control=&#8221;yes&#8221; hide_prev_next_buttons=&#8221;yes&#8221; el_class=&#8221;album&#8221;][\/vc_column][vc_column css_animation=&#8221;none&#8221; width=&#8221;1\/3&#8243; el_class=&#8221;album-holder&#8221; offset=&#8221;vc_col-xs-12&#8243; el_id=&#8221;samsund_mdv_prezentacija&#8221;][vc_custom_heading stripe_pos=&#8221;hide&#8221; text=&#8221;Prezentacija Samsung i MDV uredjaja&#8221; font_container=&#8221;tag:h3|text_align:left&#8221; google_fonts=&#8221;&#8221; el_class=&#8221;tt-title album-heading&#8221;][vc_column_text el_class=&#8221;album-text&#8221;]odr\u017eana 03.06.2020.[\/vc_column_text][vc_images_carousel images=&#8221;1804,1802,1799,1797,1798,1800,1801,1803,1796&#8243; img_size=&#8221;370&#215;225&#8243; hide_pagination_control=&#8221;yes&#8221; hide_prev_next_buttons=&#8221;yes&#8221; el_class=&#8221;album&#8221;][\/vc_column][vc_column width=&#8221;1\/3&#8243; el_class=&#8221;album-holder&#8221; el_id=&#8221;skolska_slava_u_zelezniku&#8221;][vc_custom_heading stripe_pos=&#8221;hide&#8221; text=&#8221;Proslava \u0161kolske slave u Tehni\u010dkoj \u0161koli u \u017delezniku&#8221; font_container=&#8221;tag:h3|text_align:left&#8221; google_fonts=&#8221;&#8221; el_class=&#8221;tt-title album-heading&#8221;][vc_column_text el_class=&#8221;album-text&#8221;]odr\u017eana 27.01.2020.[\/vc_column_text][vc_images_carousel images=&#8221;1793,1789,1790,1791,1792,1794&#8243; img_size=&#8221;370&#215;225&#8243; hide_pagination_control=&#8221;yes&#8221; hide_prev_next_buttons=&#8221;yes&#8221; el_class=&#8221;album&#8221;][\/vc_column][\/vc_row][vc_row content_placement=&#8221;middle&#8221; css=&#8221;.vc_custom_1607114044710{margin-top: 30px !important;}&#8221;][vc_column width=&#8221;1\/3&#8243; el_class=&#8221;album-holder&#8221; offset=&#8221;vc_col-xs-12&#8243; el_id=&#8221;unija_u_domu_sremcica&#8221;][vc_custom_heading stripe_pos=&#8221;hide&#8221; text=&#8221;Posetili smo Ustanovu za decu i mlade u Srem\u010dici&#8221; font_container=&#8221;tag:h3|text_align:left&#8221; google_fonts=&#8221;&#8221; el_class=&#8221;tt-title album-heading&#8221;][vc_column_text el_class=&#8221;album-text&#8221;]odr\u017eana 26.12.2019.[\/vc_column_text][vc_images_carousel images=&#8221;1784,1786,1782,1776,1777,1779,1780,1781,1783&#8243; img_size=&#8221;370&#215;225&#8243; hide_pagination_control=&#8221;yes&#8221; hide_prev_next_buttons=&#8221;yes&#8221; el_class=&#8221;album&#8221;][\/vc_column][vc_column css_animation=&#8221;none&#8221; width=&#8221;1\/3&#8243; el_class=&#8221;album-holder&#8221; offset=&#8221;vc_col-xs-12&#8243; el_id=&#8221;unija_u_svratistu&#8221;][vc_custom_heading stripe_pos=&#8221;hide&#8221; text=&#8221;\u010clanovi Unije posetili Svrati\u0161te za decu&#8221; font_container=&#8221;tag:h3|text_align:left&#8221; google_fonts=&#8221;&#8221; el_class=&#8221;tt-title album-heading&#8221;][vc_column_text el_class=&#8221;album-text&#8221;]odr\u017eana 26.12.2019.[\/vc_column_text][vc_images_carousel images=&#8221;1772,1771,1769,1770&#8243; img_size=&#8221;370&#215;225&#8243; hide_pagination_control=&#8221;yes&#8221; hide_prev_next_buttons=&#8221;yes&#8221; el_class=&#8221;album&#8221;][\/vc_column][vc_column width=&#8221;1\/3&#8243; el_class=&#8221;album-holder&#8221; el_id=&#8221;unija_u_zrenjaninu&#8221;][vc_custom_heading stripe_pos=&#8221;hide&#8221; text=&#8221;\u010clanovi Unije <\/br> na lepom zadatku u zrenjaninu&#8221; font_container=&#8221;tag:h3|text_align:left&#8221; google_fonts=&#8221;&#8221; el_class=&#8221;tt-title album-heading&#8221;][vc_column_text el_class=&#8221;album-text&#8221;]odr\u017eano 25.12.2019.[\/vc_column_text][vc_images_carousel images=&#8221;1765,1760,1761,1762,1763,1764&#8243; img_size=&#8221;370&#215;225&#8243; hide_pagination_control=&#8221;yes&#8221; hide_prev_next_buttons=&#8221;yes&#8221; el_class=&#8221;album&#8221;][\/vc_column][\/vc_row][vc_row content_placement=&#8221;middle&#8221; css=&#8221;.vc_custom_1607114044710{margin-top: 30px !important;}&#8221;][vc_column width=&#8221;1\/3&#8243; el_class=&#8221;album-holder&#8221; offset=&#8221;vc_col-xs-12&#8243; el_id=&#8221;50_medjunarodni_kongres&#8221;][vc_custom_heading stripe_pos=&#8221;hide&#8221; text=&#8221;50. MEDJUNARODNI KONGRES I IZLO\u017dBA KGH&#8221; font_container=&#8221;tag:h3|text_align:left&#8221; google_fonts=&#8221;&#8221; el_class=&#8221;tt-title album-heading&#8221;][vc_column_text el_class=&#8221;album-text&#8221;]odr\u017eana 09.12.2019.[\/vc_column_text][vc_images_carousel images=&#8221;1736,1735,1737,1738,1739,1740,1741,1742,1743,1744&#8243; img_size=&#8221;370&#215;225&#8243; hide_pagination_control=&#8221;yes&#8221; hide_prev_next_buttons=&#8221;yes&#8221; el_class=&#8221;album&#8221;][\/vc_column][vc_column css_animation=&#8221;none&#8221; width=&#8221;1\/3&#8243; el_class=&#8221;album-holder&#8221; offset=&#8221;vc_col-xs-12&#8243; el_id=&#8221;unija_i_nurdor&#8221;][vc_custom_heading stripe_pos=&#8221;hide&#8221; text=&#8221;Servisiranje klima ure\u0111aja u <\/br> NURDOR-u&#8221; font_container=&#8221;tag:h3|text_align:left&#8221; google_fonts=&#8221;&#8221; el_class=&#8221;tt-title album-heading&#8221;][vc_column_text el_class=&#8221;album-text&#8221;]odr\u017eana 31.10.2019.[\/vc_column_text][vc_images_carousel images=&#8221;1734,1733,1732,1730,1731&#8243; img_size=&#8221;370&#215;225&#8243; hide_pagination_control=&#8221;yes&#8221; hide_prev_next_buttons=&#8221;yes&#8221; el_class=&#8221;album&#8221;][\/vc_column][vc_column width=&#8221;1\/3&#8243; el_class=&#8221;album-holder&#8221; el_id=&#8221;25_godina_unijeposlodavacasrbije&#8221;][vc_custom_heading stripe_pos=&#8221;hide&#8221; text=&#8221;25 godina Unije poslodavaca <\/br>  Srbije&#8221; font_container=&#8221;tag:h3|text_align:left&#8221; google_fonts=&#8221;&#8221; el_class=&#8221;tt-title album-heading&#8221;][vc_column_text el_class=&#8221;album-text&#8221;]odr\u017eana 25.10..2019.[\/vc_column_text][vc_images_carousel images=&#8221;1721,1720,1719,1715,1716,1717,1718&#8243; img_size=&#8221;370&#215;225&#8243; hide_pagination_control=&#8221;yes&#8221; hide_prev_next_buttons=&#8221;yes&#8221; el_class=&#8221;album&#8221;][\/vc_column][\/vc_row][vc_row content_placement=&#8221;middle&#8221; css=&#8221;.vc_custom_1607114044710{margin-top: 30px !important;}&#8221;][vc_column width=&#8221;1\/3&#8243; el_class=&#8221;album-holder&#8221; offset=&#8221;vc_col-xs-12&#8243; el_id=&#8221;cetvrta_skupstina&#8221;][vc_custom_heading stripe_pos=&#8221;hide&#8221; text=&#8221;\u010cETVRTA SKUP\u0160TINA UNIJE SERVISERA KLIMATIZACIJE&#8221; font_container=&#8221;tag:h3|text_align:left&#8221; google_fonts=&#8221;&#8221; el_class=&#8221;tt-title album-heading&#8221;][vc_column_text el_class=&#8221;album-text&#8221;]odr\u017eana 11.10.2019.[\/vc_column_text][vc_images_carousel images=&#8221;1708,1709,1710,1711,1707,1706&#8243; img_size=&#8221;370&#215;225&#8243; hide_pagination_control=&#8221;yes&#8221; hide_prev_next_buttons=&#8221;yes&#8221; el_class=&#8221;album&#8221;][\/vc_column][vc_column css_animation=&#8221;none&#8221; width=&#8221;1\/3&#8243; el_class=&#8221;album-holder&#8221; offset=&#8221;vc_col-xs-12&#8243; el_id=&#8221;donacija_petar_lekovic&#8221;][vc_custom_heading stripe_pos=&#8221;hide&#8221; text=&#8221;Donacija Srednjoj zanatskoj \u0161koli &#8220;Petar Lekovi\u0107&#8220;&#8221; font_container=&#8221;tag:h3|text_align:left&#8221; google_fonts=&#8221;&#8221; el_class=&#8221;tt-title album-heading&#8221;][vc_column_text el_class=&#8221;album-text&#8221;]odr\u017eana 10.10.2019.[\/vc_column_text][vc_images_carousel images=&#8221;1703,1701,1686,1687,1688,1689,1690,1691,1692,1693,1694,1695,1696,1697,1698,1699,1700,1702&#8243; img_size=&#8221;370&#215;225&#8243; hide_pagination_control=&#8221;yes&#8221; hide_prev_next_buttons=&#8221;yes&#8221; el_class=&#8221;album&#8221;][\/vc_column][vc_column width=&#8221;1\/3&#8243; el_class=&#8221;album-holder&#8221; el_id=&#8221;klima_uredjaji_za bolnicu_sveti_sava&#8221;][vc_custom_heading stripe_pos=&#8221;hide&#8221; text=&#8221;Klima ure\u0111aji <\/br> za bolnicu <\/br>Sveti Sava&#8221; font_container=&#8221;tag:h3|text_align:left&#8221; google_fonts=&#8221;&#8221; el_class=&#8221;tt-title album-heading&#8221;][vc_column_text el_class=&#8221;album-text&#8221;]odr\u017eana 31.07.2019.[\/vc_column_text][vc_images_carousel images=&#8221;1683,1681,1682,1672,1673,1671,1674,1675,1676,1677,1678,1679,1680&#8243; img_size=&#8221;370&#215;225&#8243; hide_pagination_control=&#8221;yes&#8221; hide_prev_next_buttons=&#8221;yes&#8221; el_class=&#8221;album&#8221;][\/vc_column][\/vc_row][vc_row content_placement=&#8221;middle&#8221; css=&#8221;.vc_custom_1607114044710{margin-top: 30px !important;}&#8221;][vc_column width=&#8221;1\/3&#8243; el_class=&#8221;album-holder&#8221; offset=&#8221;vc_col-xs-12&#8243; el_id=&#8221;poklon_beogradjanima&#8221;][vc_custom_heading stripe_pos=&#8221;hide&#8221; text=&#8221;Poklon Beogra\u0111anima&#8221; font_container=&#8221;tag:h3|text_align:left&#8221; google_fonts=&#8221;&#8221; el_class=&#8221;tt-title album-heading&#8221; el_id=&#8221;poklon_beogradjanima&#8221;][vc_column_text el_class=&#8221;album-text&#8221;]UNIJA SERVISERA KLIMATIZACIJE zasadila je svoje prvo drvo crveni hrast u Ta\u0161majdanskom parku ispod Pravnog fakulteta.<\/p>\n<p>15.05.2019.[\/vc_column_text][vc_images_carousel images=&#8221;1657,1658,1660,1661,1662&#8243; img_size=&#8221;370&#215;225&#8243; hide_pagination_control=&#8221;yes&#8221; hide_prev_next_buttons=&#8221;yes&#8221; el_class=&#8221;album&#8221;][\/vc_column][vc_column css_animation=&#8221;none&#8221; width=&#8221;1\/3&#8243; el_class=&#8221;album-holder&#8221; offset=&#8221;vc_col-xs-12&#8243; el_id=&#8221;panasonic_prezentacija&#8221;][vc_custom_heading stripe_pos=&#8221;hide&#8221; text=&#8221;Panasonic <\/br>seminar&#8221; font_container=&#8221;tag:h3|text_align:left&#8221; google_fonts=&#8221;&#8221; el_class=&#8221;tt-title album-heading&#8221;][vc_column_text el_class=&#8221;album-text&#8221;]Na\u0161 partner Interfrigo je odr\u017eao seminar VRF i RAC Panasonic klima uredjaja i AQUAREA &#8211; toplotnih pumpi u IN hotelu.<\/p>\n<p>odr\u017eana 10.05.2019.[\/vc_column_text][vc_images_carousel images=&#8221;1654,1649,1650,1651,1652,1653&#8243; img_size=&#8221;370&#215;225&#8243; hide_pagination_control=&#8221;yes&#8221; hide_prev_next_buttons=&#8221;yes&#8221; el_class=&#8221;album&#8221; el_id=&#8221;panasonic_seminar&#8221;][\/vc_column][vc_column width=&#8221;1\/3&#8243; el_class=&#8221;album-holder&#8221; el_id=&#8221;VI_sajam&#8221;][vc_custom_heading stripe_pos=&#8221;hide&#8221; text=&#8221;VI \u0161kolski sajam grejanja i klimatizacije&#8221; font_container=&#8221;tag:h3|text_align:left&#8221; google_fonts=&#8221;&#8221; el_class=&#8221;tt-title album-heading&#8221;][vc_column_text el_class=&#8221;album-text&#8221;]VI Sajam grejanja i klimatizacije u Tehni\u010dkoj \u0161koli Novi Beograd<\/p>\n<p>odr\u017eana 10.05.2019.[\/vc_column_text][vc_images_carousel images=&#8221;1640,1644,1641,1642,1643&#8243; img_size=&#8221;370&#215;225&#8243; hide_pagination_control=&#8221;yes&#8221; hide_prev_next_buttons=&#8221;yes&#8221; el_class=&#8221;album&#8221; el_id=&#8221;VI_sajam&#8221;][\/vc_column][\/vc_row][vc_row content_placement=&#8221;middle&#8221;][vc_column width=&#8221;1\/3&#8243; el_class=&#8221;album-holder&#8221; offset=&#8221;vc_col-xs-12&#8243; el_id=&#8221;gree_seminar&#8221;][vc_custom_heading stripe_pos=&#8221;hide&#8221; text=&#8221;Gree <\/br> seminar&#8221; font_container=&#8221;tag:h3|text_align:left&#8221; google_fonts=&#8221;&#8221; el_class=&#8221;tt-title album-heading&#8221;][vc_column_text el_class=&#8221;album-text&#8221;]Gree seminar<\/p>\n<p>odr\u017ean 23.04.2019.[\/vc_column_text][vc_images_carousel images=&#8221;1633,1634,1629,1630,1631,1632,1628&#8243; img_size=&#8221;370&#215;225&#8243; hide_pagination_control=&#8221;yes&#8221; hide_prev_next_buttons=&#8221;yes&#8221; el_class=&#8221;album&#8221;][\/vc_column][vc_column css_animation=&#8221;none&#8221; width=&#8221;1\/3&#8243; el_class=&#8221;album-holder&#8221; offset=&#8221;vc_col-xs-12&#8243; el_id=&#8221;fischer_prezentacija&#8221;][vc_custom_heading stripe_pos=&#8221;hide&#8221; text=&#8221;Fischer prezentacija&#8221; font_container=&#8221;tag:h3|text_align:left&#8221; google_fonts=&#8221;&#8221; el_class=&#8221;tt-title album-heading&#8221;][vc_column_text el_class=&#8221;album-text&#8221;]Prezentacija Fischer tiplova i \u0161rafova<\/p>\n<p>odr\u017eana 10.04.2019.[\/vc_column_text][vc_images_carousel images=&#8221;1621,1619,1618,1614,1620,1615,1616,1617,1622,1623,1624,1625&#8243; img_size=&#8221;370&#215;225&#8243; hide_pagination_control=&#8221;yes&#8221; hide_prev_next_buttons=&#8221;yes&#8221; el_class=&#8221;album&#8221;][\/vc_column][vc_column width=&#8221;1\/3&#8243; el_class=&#8221;album-holder&#8221; css=&#8221;.vc_custom_1607121578022{margin-top: 0px !important;}&#8221; el_id=&#8221;bosch_seminar&#8221;][vc_custom_heading stripe_pos=&#8221;hide&#8221; text=&#8221;Bosch <\/br> seminar&#8221; font_container=&#8221;tag:h3|text_align:left&#8221; google_fonts=&#8221;&#8221; el_class=&#8221;tt-title album-heading&#8221;][vc_column_text el_class=&#8221;album-text&#8221;]Bosch seminar<\/p>\n<p>odr\u017ean 16.04.2019.[\/vc_column_text][vc_images_carousel images=&#8221;1393,1392,1391,1390,1389,1388,1387,1386,1385,1384,1383,1382,1381,1380,1379,1378&#8243; img_size=&#8221;370&#215;225&#8243; hide_pagination_control=&#8221;yes&#8221; hide_prev_next_buttons=&#8221;yes&#8221; el_class=&#8221;album&#8221;][\/vc_column][\/vc_row][vc_row content_placement=&#8221;middle&#8221;][vc_column width=&#8221;1\/3&#8243; el_class=&#8221;album-holder&#8221; css=&#8221;.vc_custom_1607121567083{margin-top: 50px !important;margin-bottom: 50px !important;}&#8221; el_id=&#8221;midea_prezentacija&#8221;][vc_custom_heading icon_pos=&#8221;right&#8221; text=&#8221;PREZENTACIJA MIDEA SPLIT, MULTI I KANALSKIH URE\u0110AJA&#8221; font_container=&#8221;tag:h3|text_align:left&#8221; google_fonts=&#8221;&#8221; el_class=&#8221;tt-title album-text&#8221;][vc_column_text el_class=&#8221;album-text&#8221;]PREZENTACIJA MIDEA SPLIT, MULTI I KANALSKIH URE\u0110AJA odr\u017eana 18.03.2019[\/vc_column_text][vc_images_carousel images=&#8221;1610,1609,1608,1606,1607&#8243; img_size=&#8221;370&#215;225&#8243; hide_pagination_control=&#8221;yes&#8221; hide_prev_next_buttons=&#8221;yes&#8221; el_class=&#8221;album&#8221;][\/vc_column][vc_column css_animation=&#8221;none&#8221; width=&#8221;1\/3&#8243; el_class=&#8221;album-holder&#8221; css=&#8221;.vc_custom_1607013956179{margin-top: 50px !important;margin-bottom: 50px !important;}&#8221; offset=&#8221;vc_col-xs-12&#8243; el_id=&#8221;druga_skupstina&#8221;][vc_custom_heading icon_pos=&#8221;right&#8221; text=&#8221;Druga Skup\u0161tina Unije servisera klimatizacije&#8221; font_container=&#8221;tag:h3|text_align:left&#8221; google_fonts=&#8221;&#8221; el_class=&#8221;tt-title album-text&#8221;][vc_column_text el_class=&#8221;album-text&#8221;]Dana 15.03.2019. godine odr\u017eana je druga po redu Skup\u0161tina Unije servisera klimatizacije[\/vc_column_text][vc_images_carousel images=&#8221;1571,1572,1573,1570,1574,1575,1576,1569,1566,1567,1568&#8243; img_size=&#8221;370&#215;225&#8243; hide_pagination_control=&#8221;yes&#8221; hide_prev_next_buttons=&#8221;yes&#8221; el_class=&#8221;album&#8221;][\/vc_column][vc_column width=&#8221;1\/3&#8243; el_class=&#8221;album-holder&#8221; css=&#8221;.vc_custom_1607014210289{margin-top: 50px !important;margin-bottom: 50px !important;}&#8221; offset=&#8221;vc_col-xs-12&#8243; el_id=&#8221;prva_skupstina&#8221;][vc_custom_heading icon_pos=&#8221;right&#8221; text=&#8221;Osniva\u010dka skup\u0161tina <\/br> unije&#8221; font_container=&#8221;tag:h3|text_align:left&#8221; google_fonts=&#8221;&#8221; el_class=&#8221;tt-title album-text&#8221;][vc_column_text el_class=&#8221;album-text&#8221;]Skup\u0161tina UNIJE SERVISERA KLIMATIZACIJE odr\u017eana 08.02.2019[\/vc_column_text][vc_images_carousel images=&#8221;1423,1422,1421,1420,1419,1418,1417,1416,1415,1414,1413,1412,1411,1410,1409,1408,1407,1405,1406,1404,1403,1402,1401,1400,1399,1398,1397,1396&#8243; img_size=&#8221;370&#215;225&#8243; hide_pagination_control=&#8221;yes&#8221; hide_prev_next_buttons=&#8221;yes&#8221; el_class=&#8221;album&#8221;][\/vc_column][\/vc_row]<\/p>\n","protected":false},"excerpt":{"rendered":"<p>[vc_row content_placement=&#8221;middle&#8221; css=&#8221;.vc_custom_1607114044710{margin-top: 30px !important;}&#8221;][vc_column width=&#8221;1\/3&#8243; el_class=&#8221;album-holder&#8221; offset=&#8221;vc_col-xs-12&#8243; el_id=&#8221;unija_i_nurdor_u_saradnji&#8221;][vc_custom_heading stripe_pos=&#8221;hide&#8221; text=&#8221;Unija servisera i saradnja sa NURDOR&#8221; font_container=&#8221;tag:h3|text_align:left&#8221; google_fonts=&#8221;&#8221; el_class=&#8221;tt-title album-heading&#8221;][vc_column_text el_class=&#8221;album-text&#8221;]odr\u017eana 26.12.2019.[\/vc_column_text][vc_images_carousel images=&#8221;1814,1811,1806,1809,1807,1810,1808,1813&#8243; img_size=&#8221;370&#215;225&#8243; hide_pagination_control=&#8221;yes&#8221; hide_prev_next_buttons=&#8221;yes&#8221; el_class=&#8221;album&#8221;][\/vc_column][vc_column css_animation=&#8221;none&#8221; width=&#8221;1\/3&#8243; el_class=&#8221;album-holder&#8221; [&hellip;]<\/p>\n","protected":false},"author":4,"featured_media":0,"parent":0,"menu_order":0,"comment_status":"closed","ping_status":"closed","template":"","meta":{"footnotes":""},"class_list":["post-236","page","type-page","status-publish","hentry"],"jetpack_sharing_enabled":true,"_links":{"self":[{"href":"https:\/\/unijaserviseraklima.rs\/index.php\/wp-json\/wp\/v2\/pages\/236","targetHints":{"allow":["GET"]}}],"collection":[{"href":"https:\/\/unijaserviseraklima.rs\/index.php\/wp-json\/wp\/v2\/pages"}],"about":[{"href":"https:\/\/unijaserviseraklima.rs\/index.php\/wp-json\/wp\/v2\/types\/page"}],"author":[{"embeddable":true,"href":"https:\/\/unijaserviseraklima.rs\/index.php\/wp-json\/wp\/v2\/users\/4"}],"replies":[{"embeddable":true,"href":"https:\/\/unijaserviseraklima.rs\/index.php\/wp-json\/wp\/v2\/comments?post=236"}],"version-history":[{"count":45,"href":"https:\/\/unijaserviseraklima.rs\/index.php\/wp-json\/wp\/v2\/pages\/236\/revisions"}],"predecessor-version":[{"id":1816,"href":"https:\/\/unijaserviseraklima.rs\/index.php\/wp-json\/wp\/v2\/pages\/236\/revisions\/1816"}],"wp:attachment":[{"href":"https:\/\/unijaserviseraklima.rs\/index.php\/wp-json\/wp\/v2\/media?parent=236"}],"curies":[{"name":"wp","href":"https:\/\/api.w.org\/{rel}","templated":true}]}}