{"id":202,"date":"2017-08-29T10:21:55","date_gmt":"2017-08-29T10:21:55","guid":{"rendered":"http:\/\/www.themechampion.com\/demo\/envitwp\/?page_id=202"},"modified":"2020-11-19T16:16:50","modified_gmt":"2020-11-19T14:16:50","slug":"services","status":"publish","type":"page","link":"https:\/\/unijaserviseraklima.rs\/index.php\/services\/","title":{"rendered":"Kako radimo"},"content":{"rendered":"<p>[vc_section el_class=&#8221;services&#8221;][vc_row el_class=&#8221;cellpadding&#8221;][vc_column][vc_custom_heading text=&#8221;Za \u0161ta se Unija zala\u017ee&#8230;&#8221; font_container=&#8221;tag:h3|text_align:left&#8221; google_fonts=&#8221;&#8221; el_class=&#8221;tt-title font28&#8243;][vc_column_text css=&#8221;.vc_custom_1504002402878{margin-bottom: 0px !important;}&#8221;]<\/p>\n<div class=\"emptySpace1\"><\/div>\n<p>[\/vc_column_text][vc_custom_heading text=&#8221;&#8221; font_container=&#8221;tag:h4|text_align:left&#8221; google_fonts=&#8221;&#8221; el_class=&#8221;tt-subtitle&#8221;][vc_column_text css=&#8221;.vc_custom_1554925670473{margin-bottom: 0px !important;}&#8221;]<\/p>\n<div class=\"simple-text\">\n<p>Vi\u0161egodi\u0161nje iskustvo u ovoj oblasti \u017eelimo da prenesemo kao standard svim servisima prilikom pru\u017eavanja usluga<\/p>\n<\/div>\n<div class=\"empty-space marg-lg-b50\"><\/div>\n<p>[\/vc_column_text][envit_services order=&#8221;DESC&#8221; layout=&#8221;grid_icon&#8221; number=&#8221;2&#8243; column=&#8221;3&#8243; posttype=&#8221;services&#8221;][\/vc_column][\/vc_row][\/vc_section][vc_section full_width=&#8221;stretch_row&#8221; el_class=&#8221;our_phylosophy&#8221;][vc_row el_class=&#8221;cellpadding&#8221;][vc_column width=&#8221;5\/12&#8243;][vc_single_image image=&#8221;1504&#8243; img_size=&#8221;full&#8221; el_class=&#8221;img-responsive&#8221; css=&#8221;.vc_custom_1605795406175{margin-bottom: 0px !important;}&#8221;][vc_column_text css=&#8221;.vc_custom_1504784028627{margin-bottom: 0px !important;}&#8221;]<\/p>\n<div class=\"emptyspace xs30\"><\/div>\n<p>[\/vc_column_text][\/vc_column][vc_column width=&#8221;7\/12&#8243;][vc_row_inner el_class=&#8221;phylosopy-content&#8221;][vc_column_inner el_class=&#8221;padVc-contain&#8221;][vc_custom_heading text=&#8221;Na\u0161a filozofija&#8221; font_container=&#8221;tag:h3|text_align:left&#8221; google_fonts=&#8221;&#8221; el_class=&#8221;tt-title font28&#8243;][vc_column_text css=&#8221;.vc_custom_1504007894027{margin-bottom: 0px !important;}&#8221;]<\/p>\n<div class=\"empty-space-mb-20\"><\/div>\n<p>[\/vc_column_text][vc_custom_heading text=&#8221;Prenos znanja novim \u010dlanovima unije&#8221; font_container=&#8221;tag:h4|text_align:left&#8221; google_fonts=&#8221;&#8221; el_class=&#8221;tt-subtitle&#8221;][vc_column_text]<\/p>\n<div class=\"simple-text\">\n<p>Od velike je va\u017enosti prenos informacija me\u0111u svim kolegama<\/p>\n<\/div>\n<p>[\/vc_column_text][\/vc_column_inner][\/vc_row_inner][\/vc_column][\/vc_row][\/vc_section]<\/p>\n","protected":false},"excerpt":{"rendered":"<p>[vc_section el_class=&#8221;services&#8221;][vc_row el_class=&#8221;cellpadding&#8221;][vc_column][vc_custom_heading text=&#8221;Za \u0161ta se Unija zala\u017ee&#8230;&#8221; font_container=&#8221;tag:h3|text_align:left&#8221; google_fonts=&#8221;&#8221; el_class=&#8221;tt-title font28&#8243;][vc_column_text css=&#8221;.vc_custom_1504002402878{margin-bottom: 0px !important;}&#8221;] [\/vc_column_text][vc_custom_heading text=&#8221;&#8221; font_container=&#8221;tag:h4|text_align:left&#8221; google_fonts=&#8221;&#8221; el_class=&#8221;tt-subtitle&#8221;][vc_column_text css=&#8221;.vc_custom_1554925670473{margin-bottom: 0px !important;}&#8221;] Vi\u0161egodi\u0161nje iskustvo u ovoj oblasti \u017eelimo da [&hellip;]<\/p>\n","protected":false},"author":4,"featured_media":0,"parent":0,"menu_order":0,"comment_status":"closed","ping_status":"closed","template":"","meta":{"footnotes":""},"class_list":["post-202","page","type-page","status-publish","hentry"],"jetpack_sharing_enabled":true,"_links":{"self":[{"href":"https:\/\/unijaserviseraklima.rs\/index.php\/wp-json\/wp\/v2\/pages\/202","targetHints":{"allow":["GET"]}}],"collection":[{"href":"https:\/\/unijaserviseraklima.rs\/index.php\/wp-json\/wp\/v2\/pages"}],"about":[{"href":"https:\/\/unijaserviseraklima.rs\/index.php\/wp-json\/wp\/v2\/types\/page"}],"author":[{"embeddable":true,"href":"https:\/\/unijaserviseraklima.rs\/index.php\/wp-json\/wp\/v2\/users\/4"}],"replies":[{"embeddable":true,"href":"https:\/\/unijaserviseraklima.rs\/index.php\/wp-json\/wp\/v2\/comments?post=202"}],"version-history":[{"count":6,"href":"https:\/\/unijaserviseraklima.rs\/index.php\/wp-json\/wp\/v2\/pages\/202\/revisions"}],"predecessor-version":[{"id":1519,"href":"https:\/\/unijaserviseraklima.rs\/index.php\/wp-json\/wp\/v2\/pages\/202\/revisions\/1519"}],"wp:attachment":[{"href":"https:\/\/unijaserviseraklima.rs\/index.php\/wp-json\/wp\/v2\/media?parent=202"}],"curies":[{"name":"wp","href":"https:\/\/api.w.org\/{rel}","templated":true}]}}

<p>[vc_section el_class=&#8221;services&#8221;][vc_row el_class=&#8221;cellpadding&#8221;][vc_column][vc_custom_heading text=&#8221;Za šta se Unija zalaže&#8230;&#8221; font_container=&#8221;tag:h3|text_align:left&#8221; google_fonts=&#8221;&#8221; el_class=&#8221;tt-title font28&#8243;][vc_column_text css=&#8221;.vc_custom_1504002402878{margin-bottom: 0px !important;}&#8221;]</p>
<div class="emptySpace1"></div>
<p>[/vc_column_text][vc_custom_heading text=&#8221;&#8221; font_container=&#8221;tag:h4|text_align:left&#8221; google_fonts=&#8221;&#8221; el_class=&#8221;tt-subtitle&#8221;][vc_column_text css=&#8221;.vc_custom_1554925670473{margin-bottom: 0px !important;}&#8221;]</p>
<div class="simple-text">
<p>Višegodišnje iskustvo u ovoj oblasti želimo da prenesemo kao standard svim servisima prilikom pružavanja usluga</p>
</div>
<div class="empty-space marg-lg-b50"></div>
<p>[/vc_column_text][envit_services order=&#8221;DESC&#8221; layout=&#8221;grid_icon&#8221; number=&#8221;2&#8243; column=&#8221;3&#8243; posttype=&#8221;services&#8221;][/vc_column][/vc_row][/vc_section][vc_section full_width=&#8221;stretch_row&#8221; el_class=&#8221;our_phylosophy&#8221;][vc_row el_class=&#8221;cellpadding&#8221;][vc_column width=&#8221;5/12&#8243;][vc_single_image image=&#8221;1504&#8243; img_size=&#8221;full&#8221; el_class=&#8221;img-responsive&#8221; css=&#8221;.vc_custom_1605795406175{margin-bottom: 0px !important;}&#8221;][vc_column_text css=&#8221;.vc_custom_1504784028627{margin-bottom: 0px !important;}&#8221;]</p>
<div class="emptyspace xs30"></div>
<p>[/vc_column_text][/vc_column][vc_column width=&#8221;7/12&#8243;][vc_row_inner el_class=&#8221;phylosopy-content&#8221;][vc_column_inner el_class=&#8221;padVc-contain&#8221;][vc_custom_heading text=&#8221;Naša filozofija&#8221; font_container=&#8221;tag:h3|text_align:left&#8221; google_fonts=&#8221;&#8221; el_class=&#8221;tt-title font28&#8243;][vc_column_text css=&#8221;.vc_custom_1504007894027{margin-bottom: 0px !important;}&#8221;]</p>
<div class="empty-space-mb-20"></div>
<p>[/vc_column_text][vc_custom_heading text=&#8221;Prenos znanja novim članovima unije&#8221; font_container=&#8221;tag:h4|text_align:left&#8221; google_fonts=&#8221;&#8221; el_class=&#8221;tt-subtitle&#8221;][vc_column_text]</p>
<div class="simple-text">
<p>Od velike je važnosti prenos informacija među svim kolegama</p>
</div>
<p>[/vc_column_text][/vc_column_inner][/vc_row_inner][/vc_column][/vc_row][/vc_section]</p>

<p>[vc_section el_class=&#8221;services&#8221;][vc_row el_class=&#8221;cellpadding&#8221;][vc_column][vc_custom_heading text=&#8221;Za šta se Unija zalaže&#8230;&#8221; font_container=&#8221;tag:h3|text_align:left&#8221; google_fonts=&#8221;&#8221; el_class=&#8221;tt-title font28&#8243;][vc_column_text css=&#8221;.vc_custom_1504002402878{margin-bottom: 0px !important;}&#8221;] [/vc_column_text][vc_custom_heading text=&#8221;&#8221; font_container=&#8221;tag:h4|text_align:left&#8221; google_fonts=&#8221;&#8221; el_class=&#8221;tt-subtitle&#8221;][vc_column_text css=&#8221;.vc_custom_1554925670473{margin-bottom: 0px !important;}&#8221;] Višegodišnje iskustvo u ovoj oblasti želimo da [&hellip;]</p>
