{"id":170,"date":"2017-08-29T06:31:56","date_gmt":"2017-08-29T06:31:56","guid":{"rendered":"http:\/\/www.themechampion.com\/demo\/envitwp\/?page_id=170"},"modified":"2024-02-13T12:49:36","modified_gmt":"2024-02-13T11:49:36","slug":"about-us","status":"publish","type":"page","link":"https:\/\/unijaserviseraklima.rs\/index.php\/about-us\/","title":{"rendered":"O nama"},"content":{"rendered":"<p>[vc_section el_class=&#8221;ourmission&#8221;][vc_row el_class=&#8221;cellpadding&#8221;][vc_column][vc_row_inner el_class=&#8221;mission&#8221;][vc_column_inner width=&#8221;8\/12&#8243;][vc_custom_heading text=&#8221;Na\u0161a misija&#8221; font_container=&#8221;tag:h3|text_align:left&#8221; google_fonts=&#8221;&#8221; el_class=&#8221;tt-title font28&#8243;][vc_column_text css=&#8221;.vc_custom_1503993696060{margin-bottom: 0px !important;}&#8221;]<\/p>\n<div class=\"empty-space-mb-20\"><\/div>\n<p>[\/vc_column_text][vc_custom_heading text=&#8221;&#8221; font_container=&#8221;tag:h4|text_align:left&#8221; google_fonts=&#8221;&#8221; el_class=&#8221;tt-subtitle&#8221;][vc_column_text]<\/p>\n<div class=\"simple-text\">\n<p>Unija servisera klimatizacije je udru\u017eenje osnovano 30.01.2019. godine radi ostvarivanja ciljeva iz oblasti klimatizacije \u2013 grejanje, hladjenje i ventilacija.<\/p>\n<\/div>\n<p>Devet Osniva\u010da Unije su ljudi iz bran\u0161e, koji su uvideli da je neophodno da se udru\u017ee i da zajedno poku\u0161aju da prevazi\u0111u probleme koji se sve vi\u0161e javljaju i da poku\u0161aju da svest o pravilnim monta\u017eama, servisima i popravkama ure\u0111aja podignu na vi\u0161i nivo.<\/p>\n<p>Na\u0161a primarna ideja i cilj je da se kroz predavanja, seminare, stru\u010dne edukacije, usavr\u0161avanje i putem razmene iskustava pomogne kolegama koji su ve\u0107 u poslu, ali i mladim kadrovima koji tek po\u010dinju da rade.<br \/>\n\u017delimo da \u0161to bolje i efikasnije podignemo prvenstveno kvalitet rada i da posao koji radimo, radimo iz zadovoljstva.<br \/>\nTakodje \u017eelimo da podignemo svest koliko je va\u017ena bezbednost na radu i za\u0161titita \u017eivotne sredine.<\/p>\n<p>Unija se bavi uskladjivanjem primene rada sa aktualnim propisima i zakonima.<br \/>\nNa\u0161a misija je da poma\u017eemo kolegama i poslovnim partnerima da u potpunosti razviju svoj potencijal, a trudimo se da budemo dobar oslonac i pouzdan posloni partner.<br \/>\n\u017delimo da pomognemo svakom pojedincu kome je pomo\u0107 neophodna.<br \/>\nNa\u0161i klijenti su smisao i razlog na\u0161eg poslovanja, zato \u0107emo pru\u017eati usluge najvi\u0161eg standarda i u\u010diniti da im svaka saradnja sa nama donese lepo i pozitivno iskustvo.[\/vc_column_text][\/vc_column_inner][vc_column_inner width=&#8221;4\/12&#8243;][vc_single_image image=&#8221;1514&#8243; img_size=&#8221;full&#8221; el_class=&#8221;img-responsive&#8221;][\/vc_column_inner][\/vc_row_inner][vc_row_inner][vc_column_inner width=&#8221;1\/2&#8243;][vc_custom_heading text=&#8221;Osnovani 2019. god.&#8221; font_container=&#8221;tag:h3|text_align:left&#8221; google_fonts=&#8221;&#8221; el_class=&#8221;tt-title font28&#8243;][vc_column_text css=&#8221;.vc_custom_1503993696060{margin-bottom: 0px !important;}&#8221;]<\/p>\n<div class=\"empty-space-mb-20\"><\/div>\n<p>[\/vc_column_text][vc_custom_heading text=&#8221;&#8221; font_container=&#8221;tag:h4|text_align:left&#8221; google_fonts=&#8221;&#8221; el_class=&#8221;tt-subtitle&#8221;][vc_column_text]<\/p>\n<div class=\"simple-text\">\n<p>Okupljamo servise koji u Beogradu i celoj Srbiji rade nekoliko desetina godina.<\/p>\n<\/div>\n<p>[\/vc_column_text][\/vc_column_inner][vc_column_inner width=&#8221;1\/2&#8243;][vc_custom_heading text=&#8221;Edukacija i za\u0161tita na radu&#8221; font_container=&#8221;tag:h3|text_align:left&#8221; google_fonts=&#8221;&#8221; el_class=&#8221;tt-title font28&#8243;][vc_column_text css=&#8221;.vc_custom_1503993696060{margin-bottom: 0px !important;}&#8221;]<\/p>\n<div class=\"empty-space-mb-20\"><\/div>\n<p>[\/vc_column_text][vc_custom_heading text=&#8221;&#8221; font_container=&#8221;tag:h4|text_align:left&#8221; google_fonts=&#8221;&#8221; el_class=&#8221;tt-subtitle&#8221;][vc_column_text]<\/p>\n<div class=\"simple-text\">\n<p>Postoje majstori koji nisu upoznati s pravilima za\u0161tite ili ih ne<br \/>\nprimenjuju na terenu. Posebno kada se radi na visinama. Pripremaju se<br \/>\nstru\u010dne edukacije i usavr\u0161avanja, a u budu\u0107nosti i seminari van granica<br \/>\nSrbije, kako bi kolege koje se bave klimatizacijom bile u toku sa<br \/>\nnovitetima. Do sada se napredovanje u ovoj oblasti najvi\u0161e zasnivalo na<br \/>\nli\u010dnoj \u017eelji pojedinca, \u0161to udru\u017eenje \u017eeli da unapredi, i zato pozivaju<br \/>\nsve koji se bave klimatizacijom da se pridru\u017ee.<\/p>\n<\/div>\n<p>[\/vc_column_text][\/vc_column_inner][\/vc_row_inner][vc_row_inner][vc_column_inner width=&#8221;1\/2&#8243;][vc_custom_heading text=&#8221;Osniva\u010di&#8221; font_container=&#8221;tag:h3|text_align:left&#8221; google_fonts=&#8221;&#8221; el_class=&#8221;tt-title font28&#8243;][vc_column_text css=&#8221;.vc_custom_1503993696060{margin-bottom: 0px !important;}&#8221;]<\/p>\n<div class=\"empty-space-mb-20\"><\/div>\n<p>[\/vc_column_text][vc_column_text]<\/p>\n<div class=\"simple-text\">\n<p>Vladimir Dujakovi\u0107 &#8211; Majstor Za Klime -MZK, Beograd<br \/>\nIvan Anti\u0107- Klima Pingvin, Beograd<br \/>\nMiroslav Simi\u0107 &#8211; S.Z.G.R. Simi\u0107, Beograd<br \/>\n\u017deljko Radanovi\u0107 &#8211; Coolsistem doo, Beograd<br \/>\nIvan Puri\u0107 &#8211; Klima Cold, Beograd<br \/>\nBla\u017eo Jovanovi\u0107 &#8211; Klima Best, Beograd<br \/>\nDragan \u0106ur\u010di\u0107 &#8211; SZR Servis \u0106ure, Beograd<br \/>\nDu\u0161ko Mitrovi\u0107 &#8211; Frigo Land klima servis, Beograd<br \/>\nMarica Mili\u0107 Generalni Sekretar, Beograd<\/p>\n<\/div>\n<p>[\/vc_column_text][\/vc_column_inner][vc_column_inner width=&#8221;1\/2&#8243;][vc_custom_heading text=&#8221;Rukovodstvo&#8221; font_container=&#8221;tag:h3|text_align:left&#8221; google_fonts=&#8221;&#8221; el_class=&#8221;tt-title font28&#8243;][vc_column_text]<\/p>\n<div class=\"simple-text\">\n<p>PREDSEDNIK, Stevica \u010cobanov &#8211; SBT Zrenjanin<\/p>\n<p>PODPREDSEDNIK, Boris \u010colovi\u0107 &#8211; Z.T.U.R Bo\u0107o, Kraljevo<\/p>\n<p>SEKRETAR, Marica Mili\u0107, Beograd<\/p>\n<p>UPRAVNI ODBOR<br \/>\nDu\u0161an Kosti\u0107 &#8211; Elektro doo, Jagodina<br \/>\nMiroslav Simi\u0107 &#8211; S.Z.G.R. Simi\u0107, Beograd<br \/>\nIvan Anti\u0107- Klima Pingvin, Beograd<\/p>\n<p>NADZORNI ODBOR<br \/>\nMarica Mili\u0107 Generalni Sekretar, Beograd<br \/>\nBla\u017eo Jovanovi\u0107 &#8211; Klima Best, Beograd<br \/>\nIgor \u017divkovi\u0107 &#8211; Termo &amp; Cold, Beograd<br \/>\nDragan \u0106ur\u010di\u0107 &#8211; SZR Servis \u0106ure, Beograd<\/p>\n<\/div>\n<p>[\/vc_column_text][\/vc_column_inner][\/vc_row_inner][\/vc_column][\/vc_row][\/vc_section][vc_row full_width=&#8221;stretch_row_content_no_spaces&#8221;][vc_column][envit_about_us about_heading=&#8221;\u0160ta smo postigli&#8221; about_sub_heading=&#8221;Okupljamo servise i informi\u0161emo \u0161iru javnost o aktivnostima.&#8221; about_description=&#8221;Te\u017eimo najboljoj usluzi kroz edukacije, garantovan kvalitet rada i prikupljaju\u0107i informacije od klijenata&#8221; first_number=&#8221;110&#8243; first_sub_heading=&#8221;\u010clanova&#8221; second_number=&#8221;850&#8243; second_sub_heading=&#8221;Servisa&#8221; third_number=&#8221;550&#8243; third_sub_heading=&#8221;Monta\u017ea&#8221; background_image=&#8221;76&#8243; main_image=&#8221;1521&#8243; responsive_image=&#8221;82&#8243; first_sub_image=&#8221;96&#8243; second_sub_image=&#8221;79&#8243; third_sub_image=&#8221;79&#8243;][\/vc_column][\/vc_row][vc_row full_width=&#8221;stretch_row&#8221;][vc_column][vc_row_inner el_class=&#8221;cellpadding&#8221;][vc_column_inner][vc_custom_heading text=&#8221;Drugi o nama&#8221; font_container=&#8221;tag:h3|text_align:left&#8221; google_fonts=&#8221;&#8221; el_class=&#8221;tt-title font28&#8243;][vc_column_text css=&#8221;.vc_custom_1504001700796{margin-bottom: 0px !important;}&#8221;]<\/p>\n<div class=\"empty-space-mb-30\"><\/div>\n<p>[\/vc_column_text][envit_testimonials layout=&#8221;grid&#8221; posttype=&#8221;testimonials&#8221;][\/vc_column_inner][\/vc_row_inner][\/vc_column][\/vc_row][vc_row full_width=&#8221;stretch_row&#8221; el_class=&#8221;resources&#8221; css=&#8221;.vc_custom_1554722097490{background-image: url(https:\/\/unijaserviseraklima.rs\/wp-content\/uploads\/2019\/04\/compaign_bg.jpg?id=1032) !important;}&#8221;][vc_column][vc_row_inner el_class=&#8221;cellpadding&#8221;][vc_column_inner width=&#8221;7\/12&#8243;][envit_single_section layout=&#8221;layout_two&#8221; test_description=&#8221;Brojne mogu\u0107nosti su na raspolaganju: edukacije, novi klijenti, razmena informacija o delovima, stalna pomo\u0107 kolega&#8221; main_heading=&#8221;POSTANI \u010cLAN UNIJE&#8221; subtitle_heading=&#8221;Postani prepoznatljiv servis u gradu&#8221; link=&#8221;url:https%3A%2F%2Funijaserviseraklima.rs%2Findex.php%2Fregistracija-clanova%2F|title:Registruj%20se||&#8221;][\/vc_column_inner][vc_column_inner width=&#8221;5\/12&#8243;][vc_single_image image=&#8221;1514&#8243; img_size=&#8221;full&#8221;][\/vc_column_inner][\/vc_row_inner][\/vc_column][\/vc_row]<\/p>\n","protected":false},"excerpt":{"rendered":"<p>[vc_section el_class=&#8221;ourmission&#8221;][vc_row el_class=&#8221;cellpadding&#8221;][vc_column][vc_row_inner el_class=&#8221;mission&#8221;][vc_column_inner width=&#8221;8\/12&#8243;][vc_custom_heading text=&#8221;Na\u0161a misija&#8221; font_container=&#8221;tag:h3|text_align:left&#8221; google_fonts=&#8221;&#8221; el_class=&#8221;tt-title font28&#8243;][vc_column_text css=&#8221;.vc_custom_1503993696060{margin-bottom: 0px !important;}&#8221;] [\/vc_column_text][vc_custom_heading text=&#8221;&#8221; font_container=&#8221;tag:h4|text_align:left&#8221; google_fonts=&#8221;&#8221; el_class=&#8221;tt-subtitle&#8221;][vc_column_text] Unija servisera klimatizacije je udru\u017eenje osnovano 30.01.2019. godine radi ostvarivanja ciljeva [&hellip;]<\/p>\n","protected":false},"author":4,"featured_media":0,"parent":0,"menu_order":0,"comment_status":"closed","ping_status":"closed","template":"","meta":{"footnotes":""},"class_list":["post-170","page","type-page","status-publish","hentry"],"jetpack_sharing_enabled":true,"_links":{"self":[{"href":"https:\/\/unijaserviseraklima.rs\/index.php\/wp-json\/wp\/v2\/pages\/170","targetHints":{"allow":["GET"]}}],"collection":[{"href":"https:\/\/unijaserviseraklima.rs\/index.php\/wp-json\/wp\/v2\/pages"}],"about":[{"href":"https:\/\/unijaserviseraklima.rs\/index.php\/wp-json\/wp\/v2\/types\/page"}],"author":[{"embeddable":true,"href":"https:\/\/unijaserviseraklima.rs\/index.php\/wp-json\/wp\/v2\/users\/4"}],"replies":[{"embeddable":true,"href":"https:\/\/unijaserviseraklima.rs\/index.php\/wp-json\/wp\/v2\/comments?post=170"}],"version-history":[{"count":35,"href":"https:\/\/unijaserviseraklima.rs\/index.php\/wp-json\/wp\/v2\/pages\/170\/revisions"}],"predecessor-version":[{"id":1946,"href":"https:\/\/unijaserviseraklima.rs\/index.php\/wp-json\/wp\/v2\/pages\/170\/revisions\/1946"}],"wp:attachment":[{"href":"https:\/\/unijaserviseraklima.rs\/index.php\/wp-json\/wp\/v2\/media?parent=170"}],"curies":[{"name":"wp","href":"https:\/\/api.w.org\/{rel}","templated":true}]}}

<p>[vc_section el_class=&#8221;ourmission&#8221;][vc_row el_class=&#8221;cellpadding&#8221;][vc_column][vc_row_inner el_class=&#8221;mission&#8221;][vc_column_inner width=&#8221;8/12&#8243;][vc_custom_heading text=&#8221;Naša misija&#8221; font_container=&#8221;tag:h3|text_align:left&#8221; google_fonts=&#8221;&#8221; el_class=&#8221;tt-title font28&#8243;][vc_column_text css=&#8221;.vc_custom_1503993696060{margin-bottom: 0px !important;}&#8221;]</p>
<div class="empty-space-mb-20"></div>
<p>[/vc_column_text][vc_custom_heading text=&#8221;&#8221; font_container=&#8221;tag:h4|text_align:left&#8221; google_fonts=&#8221;&#8221; el_class=&#8221;tt-subtitle&#8221;][vc_column_text]</p>
<div class="simple-text">
<p>Unija servisera klimatizacije je udruženje osnovano 30.01.2019. godine radi ostvarivanja ciljeva iz oblasti klimatizacije – grejanje, hladjenje i ventilacija.</p>
</div>
<p>Devet Osnivača Unije su ljudi iz branše, koji su uvideli da je neophodno da se udruže i da zajedno pokušaju da prevaziđu probleme koji se sve više javljaju i da pokušaju da svest o pravilnim montažama, servisima i popravkama uređaja podignu na viši nivo.</p>
<p>Naša primarna ideja i cilj je da se kroz predavanja, seminare, stručne edukacije, usavršavanje i putem razmene iskustava pomogne kolegama koji su već u poslu, ali i mladim kadrovima koji tek počinju da rade.<br />
Želimo da što bolje i efikasnije podignemo prvenstveno kvalitet rada i da posao koji radimo, radimo iz zadovoljstva.<br />
Takodje želimo da podignemo svest koliko je važna bezbednost na radu i zaštitita životne sredine.</p>
<p>Unija se bavi uskladjivanjem primene rada sa aktualnim propisima i zakonima.<br />
Naša misija je da pomažemo kolegama i poslovnim partnerima da u potpunosti razviju svoj potencijal, a trudimo se da budemo dobar oslonac i pouzdan posloni partner.<br />
Želimo da pomognemo svakom pojedincu kome je pomoć neophodna.<br />
Naši klijenti su smisao i razlog našeg poslovanja, zato ćemo pružati usluge najvišeg standarda i učiniti da im svaka saradnja sa nama donese lepo i pozitivno iskustvo.[/vc_column_text][/vc_column_inner][vc_column_inner width=&#8221;4/12&#8243;][vc_single_image image=&#8221;1514&#8243; img_size=&#8221;full&#8221; el_class=&#8221;img-responsive&#8221;][/vc_column_inner][/vc_row_inner][vc_row_inner][vc_column_inner width=&#8221;1/2&#8243;][vc_custom_heading text=&#8221;Osnovani 2019. god.&#8221; font_container=&#8221;tag:h3|text_align:left&#8221; google_fonts=&#8221;&#8221; el_class=&#8221;tt-title font28&#8243;][vc_column_text css=&#8221;.vc_custom_1503993696060{margin-bottom: 0px !important;}&#8221;]</p>
<div class="empty-space-mb-20"></div>
<p>[/vc_column_text][vc_custom_heading text=&#8221;&#8221; font_container=&#8221;tag:h4|text_align:left&#8221; google_fonts=&#8221;&#8221; el_class=&#8221;tt-subtitle&#8221;][vc_column_text]</p>
<div class="simple-text">
<p>Okupljamo servise koji u Beogradu i celoj Srbiji rade nekoliko desetina godina.</p>
</div>
<p>[/vc_column_text][/vc_column_inner][vc_column_inner width=&#8221;1/2&#8243;][vc_custom_heading text=&#8221;Edukacija i zaštita na radu&#8221; font_container=&#8221;tag:h3|text_align:left&#8221; google_fonts=&#8221;&#8221; el_class=&#8221;tt-title font28&#8243;][vc_column_text css=&#8221;.vc_custom_1503993696060{margin-bottom: 0px !important;}&#8221;]</p>
<div class="empty-space-mb-20"></div>
<p>[/vc_column_text][vc_custom_heading text=&#8221;&#8221; font_container=&#8221;tag:h4|text_align:left&#8221; google_fonts=&#8221;&#8221; el_class=&#8221;tt-subtitle&#8221;][vc_column_text]</p>
<div class="simple-text">
<p>Postoje majstori koji nisu upoznati s pravilima zaštite ili ih ne<br />
primenjuju na terenu. Posebno kada se radi na visinama. Pripremaju se<br />
stručne edukacije i usavršavanja, a u budućnosti i seminari van granica<br />
Srbije, kako bi kolege koje se bave klimatizacijom bile u toku sa<br />
novitetima. Do sada se napredovanje u ovoj oblasti najviše zasnivalo na<br />
ličnoj želji pojedinca, što udruženje želi da unapredi, i zato pozivaju<br />
sve koji se bave klimatizacijom da se pridruže.</p>
</div>
<p>[/vc_column_text][/vc_column_inner][/vc_row_inner][vc_row_inner][vc_column_inner width=&#8221;1/2&#8243;][vc_custom_heading text=&#8221;Osnivači&#8221; font_container=&#8221;tag:h3|text_align:left&#8221; google_fonts=&#8221;&#8221; el_class=&#8221;tt-title font28&#8243;][vc_column_text css=&#8221;.vc_custom_1503993696060{margin-bottom: 0px !important;}&#8221;]</p>
<div class="empty-space-mb-20"></div>
<p>[/vc_column_text][vc_column_text]</p>
<div class="simple-text">
<p>Vladimir Dujaković &#8211; Majstor Za Klime -MZK, Beograd<br />
Ivan Antić- Klima Pingvin, Beograd<br />
Miroslav Simić &#8211; S.Z.G.R. Simić, Beograd<br />
Željko Radanović &#8211; Coolsistem doo, Beograd<br />
Ivan Purić &#8211; Klima Cold, Beograd<br />
Blažo Jovanović &#8211; Klima Best, Beograd<br />
Dragan Ćurčić &#8211; SZR Servis Ćure, Beograd<br />
Duško Mitrović &#8211; Frigo Land klima servis, Beograd<br />
Marica Milić Generalni Sekretar, Beograd</p>
</div>
<p>[/vc_column_text][/vc_column_inner][vc_column_inner width=&#8221;1/2&#8243;][vc_custom_heading text=&#8221;Rukovodstvo&#8221; font_container=&#8221;tag:h3|text_align:left&#8221; google_fonts=&#8221;&#8221; el_class=&#8221;tt-title font28&#8243;][vc_column_text]</p>
<div class="simple-text">
<p>PREDSEDNIK, Stevica Čobanov &#8211; SBT Zrenjanin</p>
<p>PODPREDSEDNIK, Boris Čolović &#8211; Z.T.U.R Boćo, Kraljevo</p>
<p>SEKRETAR, Marica Milić, Beograd</p>
<p>UPRAVNI ODBOR<br />
Dušan Kostić &#8211; Elektro doo, Jagodina<br />
Miroslav Simić &#8211; S.Z.G.R. Simić, Beograd<br />
Ivan Antić- Klima Pingvin, Beograd</p>
<p>NADZORNI ODBOR<br />
Marica Milić Generalni Sekretar, Beograd<br />
Blažo Jovanović &#8211; Klima Best, Beograd<br />
Igor Živković &#8211; Termo &amp; Cold, Beograd<br />
Dragan Ćurčić &#8211; SZR Servis Ćure, Beograd</p>
</div>
<p>[/vc_column_text][/vc_column_inner][/vc_row_inner][/vc_column][/vc_row][/vc_section][vc_row full_width=&#8221;stretch_row_content_no_spaces&#8221;][vc_column][envit_about_us about_heading=&#8221;Šta smo postigli&#8221; about_sub_heading=&#8221;Okupljamo servise i informišemo širu javnost o aktivnostima.&#8221; about_description=&#8221;Težimo najboljoj usluzi kroz edukacije, garantovan kvalitet rada i prikupljajući informacije od klijenata&#8221; first_number=&#8221;110&#8243; first_sub_heading=&#8221;Članova&#8221; second_number=&#8221;850&#8243; second_sub_heading=&#8221;Servisa&#8221; third_number=&#8221;550&#8243; third_sub_heading=&#8221;Montaža&#8221; background_image=&#8221;76&#8243; main_image=&#8221;1521&#8243; responsive_image=&#8221;82&#8243; first_sub_image=&#8221;96&#8243; second_sub_image=&#8221;79&#8243; third_sub_image=&#8221;79&#8243;][/vc_column][/vc_row][vc_row full_width=&#8221;stretch_row&#8221;][vc_column][vc_row_inner el_class=&#8221;cellpadding&#8221;][vc_column_inner][vc_custom_heading text=&#8221;Drugi o nama&#8221; font_container=&#8221;tag:h3|text_align:left&#8221; google_fonts=&#8221;&#8221; el_class=&#8221;tt-title font28&#8243;][vc_column_text css=&#8221;.vc_custom_1504001700796{margin-bottom: 0px !important;}&#8221;]</p>
<div class="empty-space-mb-30"></div>
<p>[/vc_column_text][envit_testimonials layout=&#8221;grid&#8221; posttype=&#8221;testimonials&#8221;][/vc_column_inner][/vc_row_inner][/vc_column][/vc_row][vc_row full_width=&#8221;stretch_row&#8221; el_class=&#8221;resources&#8221; css=&#8221;.vc_custom_1554722097490{background-image: url(https://unijaserviseraklima.rs/wp-content/uploads/2019/04/compaign_bg.jpg?id=1032) !important;}&#8221;][vc_column][vc_row_inner el_class=&#8221;cellpadding&#8221;][vc_column_inner width=&#8221;7/12&#8243;][envit_single_section layout=&#8221;layout_two&#8221; test_description=&#8221;Brojne mogućnosti su na raspolaganju: edukacije, novi klijenti, razmena informacija o delovima, stalna pomoć kolega&#8221; main_heading=&#8221;POSTANI ČLAN UNIJE&#8221; subtitle_heading=&#8221;Postani prepoznatljiv servis u gradu&#8221; link=&#8221;url:https%3A%2F%2Funijaserviseraklima.rs%2Findex.php%2Fregistracija-clanova%2F|title:Registruj%20se||&#8221;][/vc_column_inner][vc_column_inner width=&#8221;5/12&#8243;][vc_single_image image=&#8221;1514&#8243; img_size=&#8221;full&#8221;][/vc_column_inner][/vc_row_inner][/vc_column][/vc_row]</p>

<p>[vc_section el_class=&#8221;ourmission&#8221;][vc_row el_class=&#8221;cellpadding&#8221;][vc_column][vc_row_inner el_class=&#8221;mission&#8221;][vc_column_inner width=&#8221;8/12&#8243;][vc_custom_heading text=&#8221;Naša misija&#8221; font_container=&#8221;tag:h3|text_align:left&#8221; google_fonts=&#8221;&#8221; el_class=&#8221;tt-title font28&#8243;][vc_column_text css=&#8221;.vc_custom_1503993696060{margin-bottom: 0px !important;}&#8221;] [/vc_column_text][vc_custom_heading text=&#8221;&#8221; font_container=&#8221;tag:h4|text_align:left&#8221; google_fonts=&#8221;&#8221; el_class=&#8221;tt-subtitle&#8221;][vc_column_text] Unija servisera klimatizacije je udruženje osnovano 30.01.2019. godine radi ostvarivanja ciljeva [&hellip;]</p>
